{"id":335,"date":"2018-06-07T22:30:24","date_gmt":"2018-06-07T20:30:24","guid":{"rendered":"http:\/\/www.stitesino.it\/?page_id=335"},"modified":"2021-06-14T19:03:07","modified_gmt":"2021-06-14T17:03:07","slug":"privacy-policy","status":"publish","type":"page","link":"http:\/\/www.stitesino.it\/index.php\/privacy-policy\/","title":{"rendered":"Privacy Policy"},"content":{"rendered":"<h3>Chi siamo<\/h3>\n<p>Siamo un&#8217;associazione di volontariato denominata Servizio Trasporto Infermi del Tesino OdV<\/p>\n<p>L&#8217;indirizzo del nostro sito web \u00e8: http:\/\/www.stitesino.it.<\/p>\n<h3>Quali dati personali raccogliamo e perch\u00e9 li raccogliamo<\/h3>\n<h4>Cookie<\/h4>\n<p>Se hai un account e accedi a questo sito, verr\u00e0 impostato un cookie temporaneo per determinare se il tuo browser accetta i cookie. Questo cookie non contiene dati personali e viene eliminato quando chiudi il browser.<\/p>\n<p>Quando effettui l&#8217;accesso, verranno impostati diversi cookie per salvare le tue informazioni di accesso e le tue opzioni di visualizzazione dello schermo. I cookie di accesso durano due giorni mentre i cookie per le opzioni dello schermo durano un anno. Se selezioni &#8220;Ricordami&#8221;, il tuo accesso persister\u00e0 per due settimane. Se esci dal tuo account, i cookie di accesso verranno rimossi.<\/p>\n<p>Se modifichi o pubblichi un articolo, un cookie aggiuntivo verr\u00e0 salvato nel tuo browser. Questo cookie non include dati personali, ma indica semplicemente l&#8217;ID dell&#8217;articolo appena modificato. Scade dopo 1 giorno.<\/p>\n<h4>Contenuto incorporato da altri siti web<\/h4>\n<p>Gli articoli su questo sito possono includere contenuti incorporati (ad esempio video, immagini, articoli, ecc.). I contenuti incorporati da altri siti web si comportano esattamente allo stesso modo come se il visitatore avesse visitato l&#8217;altro sito web.<\/p>\n<p>Questi siti web possono raccogliere dati su di te, usare cookie, integrare ulteriori tracciamenti di terze parti e monitorare l&#8217;interazione con quel contenuto incorporato, incluso il tracciamento della tua interazione con il contenuto incorporato se hai un account e hai effettuato l&#8217;accesso a quel sito web.<\/p>\n<h3>Per quanto tempo conserviamo i tuoi dati<\/h3>\n<p>Per gli utenti che si registrano sul nostro sito web (se presenti), memorizziamo anche le informazioni personali che forniscono nel loro profilo utente. Tutti gli utenti possono vedere, modificare o cancellare le loro informazioni personali in qualsiasi momento (eccetto il loro nome utente che non possono cambiare). Gli amministratori del sito web possono anche vedere e modificare queste informazioni.<\/p>\n<h3>Quali diritti hai sui tuoi dati<\/h3>\n<p>Se hai un account su questo sito, puoi richiedere di ricevere un file esportato dal sito con i dati personali che abbiamo su di te, compresi i dati che ci hai fornito. Puoi anche richiedere che cancelliamo tutti i dati personali che ti riguardano. Questo non include i dati che siamo obbligati a conservare per scopi amministrativi, legali o di sicurezza.<\/p>\n<h3>Plugin<\/h3>\n<h4>Cookie<\/h4>\n<p>La visita della pagine di login imposta un cookie temporaneo. Questo cookie non contiene dati personali e verr\u00e0 eliminato dopo un&#8217;ora.<\/p>\n<h4>Security Logs<\/h4>\n<p>L&#8217;indirizzo IP dei visitatori, user ID degli utenti registrati,\u00a0 e lo username dei tentativi di accesso sono registrati per controllare eventuali attivit\u00e0 dannose e per proteggere il sito web da specifici tipi di attacchi. Esempi di condizioni in cui avvengono tali registrazioni includono tentativi di accesso, richieste di log out e aggiornamenti della password. Queste informazioni vengono conservate per 14 giorni.<\/p>\n<h3>Con chi condividiamo i tuoi dati<\/h3>\n<p>Il sito \u00e8 scansionato contro potenziali malware e vulnerabilit\u00e0 da Sucuri&#8217;s SiteCheck. Noi non inviamo dati personal a Sucuri, tuttavia Sucuri pu\u00f2 trovare dati personali postati sul sito durante la scansione. Per maggiori informazioni consultare\u00a0<a href=\"https:\/\/sucuri.net\/privacy\">Sucuri&#8217;s privacy policy<\/a>.<\/p>\n<h3>Per quanto tempo conserviamo i tuoi dati<\/h3>\n<p>Le registrazioni vengono conservate per 14 giorni.<\/p>\n<h3>Dove spediamo i tuoi dati<\/h3>\n<p>Questo plugin \u00e8 parte di un network di software che proteggono contro attacchi a forza bruta distribuiti. Per garantire questa protezione, gli indirizzi IP dei visitatori che tentano l&#8217;accesso al sito sono condivisi con un service provider da ithemes.com. Per maggior dettagli consultare\u00a0<a href=\"https:\/\/ithemes.com\/privacy-policy\">iThemes Privacy Policy<\/a>.<\/p>\n","protected":false},"excerpt":{"rendered":"<p>Chi siamo Siamo un&#8217;associazione di volontariato denominata Servizio Trasporto Infermi del Tesino OdV L&#8217;indirizzo del nostro sito web \u00e8: http:\/\/www.stitesino.it. Quali dati personali raccogliamo e perch\u00e9 li raccogliamo Cookie Se hai un account e accedi a questo sito, verr\u00e0 impostato un cookie temporaneo per determinare se il tuo browser accetta i cookie. Questo cookie non [&hellip;]<\/p>\n","protected":false},"author":3,"featured_media":0,"parent":0,"menu_order":0,"comment_status":"closed","ping_status":"closed","template":"","meta":{"_et_pb_use_builder":"","_et_pb_old_content":"","_et_gb_content_width":""},"_links":{"self":[{"href":"http:\/\/www.stitesino.it\/index.php\/wp-json\/wp\/v2\/pages\/335"}],"collection":[{"href":"http:\/\/www.stitesino.it\/index.php\/wp-json\/wp\/v2\/pages"}],"about":[{"href":"http:\/\/www.stitesino.it\/index.php\/wp-json\/wp\/v2\/types\/page"}],"author":[{"embeddable":true,"href":"http:\/\/www.stitesino.it\/index.php\/wp-json\/wp\/v2\/users\/3"}],"replies":[{"embeddable":true,"href":"http:\/\/www.stitesino.it\/index.php\/wp-json\/wp\/v2\/comments?post=335"}],"version-history":[{"count":7,"href":"http:\/\/www.stitesino.it\/index.php\/wp-json\/wp\/v2\/pages\/335\/revisions"}],"predecessor-version":[{"id":494,"href":"http:\/\/www.stitesino.it\/index.php\/wp-json\/wp\/v2\/pages\/335\/revisions\/494"}],"wp:attachment":[{"href":"http:\/\/www.stitesino.it\/index.php\/wp-json\/wp\/v2\/media?parent=335"}],"curies":[{"name":"wp","href":"https:\/\/api.w.org\/{rel}","templated":true}]}}