{"id":55,"date":"2016-09-05T18:43:01","date_gmt":"2016-09-05T16:43:01","guid":{"rendered":"http:\/\/www.stitesino.it\/?page_id=55"},"modified":"2022-04-11T10:43:02","modified_gmt":"2022-04-11T08:43:02","slug":"i-nostri-mezzi","status":"publish","type":"page","link":"http:\/\/www.stitesino.it\/index.php\/i-nostri-mezzi\/","title":{"rendered":"I nostri mezzi"},"content":{"rendered":"<p align=\"justify\">Attualmente il nostro parco macchine \u00e8 provvisto di\u00a0tre autoambulanze.<\/p>\n<h2 align=\"justify\">Autoambulanza VW T5 4Motion 2.0 TDI<\/h2>\n<p align=\"justify\"><img decoding=\"async\" loading=\"lazy\" class=\"wp-image-288  alignleft\" src=\"http:\/\/www.stitesino.it\/wp-content\/uploads\/2016\/09\/20170218_163935-e1487433773270-1024x660.jpg\" width=\"561\" height=\"361\" srcset=\"http:\/\/www.stitesino.it\/wp-content\/uploads\/2016\/09\/20170218_163935-e1487433773270-1024x660.jpg 1024w, http:\/\/www.stitesino.it\/wp-content\/uploads\/2016\/09\/20170218_163935-e1487433773270-300x193.jpg 300w, http:\/\/www.stitesino.it\/wp-content\/uploads\/2016\/09\/20170218_163935-e1487433773270-768x495.jpg 768w, http:\/\/www.stitesino.it\/wp-content\/uploads\/2016\/09\/20170218_163935-e1487433773270-1080x696.jpg 1080w, http:\/\/www.stitesino.it\/wp-content\/uploads\/2016\/09\/20170218_163935-e1487433773270.jpg 1081w\" sizes=\"(max-width: 561px) 100vw, 561px\" \/><\/p>\n<p align=\"justify\">Targa: EA 791 BY<\/p>\n<p align=\"justify\">Selettiva Radio: 113-32<\/p>\n<p align=\"justify\">Anno di acquisizione: 2011<\/p>\n<p align=\"justify\">Quest\u2019autoambulanza \u00e8 stata acquistata nel 2011. \u00c8 provvista di un elevatore laterale molto utile per sollevare la carrozzina per cardiopatici, utilizzata per lo pi\u00f9 per i trasporti programmati, sia in convenzione con Trentino Emergenza 118, sia su richiesta di privati cittadini che necessitano di trasporti con autoambulanza per visite mediche o trasferimenti.<\/p>\n<p align=\"justify\">\n<hr \/>\n<h2 align=\"justify\"><\/h2>\n<h2 align=\"justify\">Autoambulanza VW T5 4motion 2.5 TDI<\/h2>\n<p align=\"justify\"><img decoding=\"async\" loading=\"lazy\" class=\"wp-image-749 alignleft\" src=\"http:\/\/www.stitesino.it\/wp-content\/uploads\/2021\/06\/113-31_parti-scaled-e1624867016419-1024x554.jpg\" alt=\"\" width=\"610\" height=\"330\" \/><\/p>\n<p>Targa: DA 546 KC<\/p>\n<p>Selettiva Radio: 113-31<\/p>\n<p>Anno di acquisizione: 2006<\/p>\n<p align=\"justify\">Quest&#8217;ambulanza, prevalentemente usata nelle emergenze \u00e8 provvista delle pi\u00f9 moderne tecnologie quali defibrillatore semiautomatico e monitor e trasporta tutto il necessario per un soccorso sanitario all&#8217;avanguardia.<\/p>\n<p align=\"justify\">\n<p align=\"justify\">\n<hr \/>\n<h2 align=\"justify\">Autoambulanza VW T6 1.5<\/h2>\n<p align=\"justify\"><img decoding=\"async\" loading=\"lazy\" class=\"wp-image-386 alignleft\" src=\"http:\/\/www.stitesino.it\/wp-content\/uploads\/2020\/12\/113-33-1-1024x723.jpg\" alt=\"\" width=\"541\" height=\"382\" \/><\/p>\n<p align=\"justify\">Targa: FT 446 XJ<\/p>\n<p align=\"justify\">Selettiva Radio: 113-33<\/p>\n<p align=\"justify\">Anno di acquisizione: 2019<\/p>\n<p align=\"justify\">L&#8217;ultima ambulanza entrata in nostro possesso. Possiede una sofisticata barella in grado di assorbire le oscillazioni del mezzo rendendo il trasporto pi\u00f9 confortevole. \u00c8 dotata di una carrozzina motorizzata che permette di trasportare i pazienti non deambulanti lungo le rampe di scale sgravando, talvolta, i nostri volontari di uno sforzo importante. Attualmente questa ambulanza viene utilizzata soprattutto per le emergenze ed \u00e8 dotata, da aprile 2021, del massaggiatore automatico Lucas 3.<\/p>\n<p align=\"justify\">\n<hr \/>\n<p align=\"justify\">\n<p align=\"justify\">\n<p><img decoding=\"async\" loading=\"lazy\" class=\"wp-image-384 size-large\" src=\"http:\/\/www.stitesino.it\/wp-content\/uploads\/2020\/12\/Parco-macchine-1024x485.jpg\" alt=\"parco macchine 2020\" width=\"1024\" height=\"485\" srcset=\"http:\/\/www.stitesino.it\/wp-content\/uploads\/2020\/12\/Parco-macchine-980x464.jpg 980w, http:\/\/www.stitesino.it\/wp-content\/uploads\/2020\/12\/Parco-macchine-480x227.jpg 480w\" sizes=\"(min-width: 0px) and (max-width: 480px) 480px, (min-width: 481px) and (max-width: 980px) 980px, (min-width: 981px) 1024px, 100vw\" \/><\/p>\n<p align=\"justify\">Parco macchine 2020<\/p>\n<p align=\"justify\">\n<hr \/>\n<h1 align=\"justify\"><strong>Ambulanze non pi\u00f9 in nostro possesso<\/strong><\/h1>\n<h3 align=\"justify\">Autoambulanza VW T4 Syncro 2.5 TDI<\/h3>\n<h3 align=\"justify\"><img decoding=\"async\" loading=\"lazy\" class=\"alignleft wp-image-205\" src=\"http:\/\/www.stitesino.it\/wp-content\/uploads\/2017\/02\/autoambulanza_113-33.jpg\" alt=\"ambulanza 113-33 prevalentemente utilizzata nei trasporti e nei servizi gara e manifestazioni\" width=\"488\" height=\"628\" srcset=\"http:\/\/www.stitesino.it\/wp-content\/uploads\/2017\/02\/autoambulanza_113-33.jpg 529w, http:\/\/www.stitesino.it\/wp-content\/uploads\/2017\/02\/autoambulanza_113-33-233x300.jpg 233w\" sizes=\"(max-width: 488px) 100vw, 488px\" \/><\/h3>\n<h3 align=\"justify\">Targa: CF 410 AK<\/h3>\n<p align=\"justify\">Selettiva Radio: 113-33<\/p>\n<p align=\"justify\">Anno di acquisizione: 2003<\/p>\n<p align=\"justify\">Anno di dismissione: 2019<\/p>\n<p align=\"justify\">\n<p align=\"justify\">\n<p align=\"justify\">\n<p align=\"justify\">\n<p align=\"justify\">\n<p align=\"justify\">\n<p align=\"justify\">\n<p align=\"justify\">\n<p align=\"justify\">\n<p align=\"justify\">\n<p align=\"justify\">\n<p align=\"justify\">\n<p align=\"justify\">\n<p align=\"justify\">\n","protected":false},"excerpt":{"rendered":"<p>Attualmente il nostro parco macchine \u00e8 provvisto di\u00a0tre autoambulanze. Autoambulanza VW T5 4Motion 2.0 TDI Targa: EA 791 BY Selettiva Radio: 113-32 Anno di acquisizione: 2011 Quest\u2019autoambulanza \u00e8 stata acquistata nel 2011. \u00c8 provvista di un elevatore laterale molto utile per sollevare la carrozzina per cardiopatici, utilizzata per lo pi\u00f9 per i trasporti programmati, sia [&hellip;]<\/p>\n","protected":false},"author":3,"featured_media":0,"parent":0,"menu_order":0,"comment_status":"closed","ping_status":"closed","template":"","meta":{"_et_pb_use_builder":"","_et_pb_old_content":"","_et_gb_content_width":""},"_links":{"self":[{"href":"http:\/\/www.stitesino.it\/index.php\/wp-json\/wp\/v2\/pages\/55"}],"collection":[{"href":"http:\/\/www.stitesino.it\/index.php\/wp-json\/wp\/v2\/pages"}],"about":[{"href":"http:\/\/www.stitesino.it\/index.php\/wp-json\/wp\/v2\/types\/page"}],"author":[{"embeddable":true,"href":"http:\/\/www.stitesino.it\/index.php\/wp-json\/wp\/v2\/users\/3"}],"replies":[{"embeddable":true,"href":"http:\/\/www.stitesino.it\/index.php\/wp-json\/wp\/v2\/comments?post=55"}],"version-history":[{"count":44,"href":"http:\/\/www.stitesino.it\/index.php\/wp-json\/wp\/v2\/pages\/55\/revisions"}],"predecessor-version":[{"id":869,"href":"http:\/\/www.stitesino.it\/index.php\/wp-json\/wp\/v2\/pages\/55\/revisions\/869"}],"wp:attachment":[{"href":"http:\/\/www.stitesino.it\/index.php\/wp-json\/wp\/v2\/media?parent=55"}],"curies":[{"name":"wp","href":"https:\/\/api.w.org\/{rel}","templated":true}]}}